9168.
2, 11668099
List the prime factors of 243570943.
7, 11, 23, 12503
What are the prime factors of 5441436346?
2, 15413, 176521
What are the prime factors of 208886497?
17, 37, 313, 1061
List the prime factors of 44407760.
2, 5, 555097
List the prime factors of 85550393.
1493, 57301
What are the prime factors of 141754336?
2, 23, 192601
What are the prime factors of 2710489737?
3, 593, 1523603
What are the prime factors of 4098411?
3, 17, 8929
List the prime factors of 1492349750.
2, 5, 61, 97859
What are the prime factors of 35469112?
2, 7, 633377
List the prime factors of 887451666.
2, 3, 147908611
What are the prime factors of 535186018?
2, 267593009
List the prime factors of 102916129.
37, 89, 31253
List the prime factors of 500419438.
2, 250209719
What are the prime factors of 626820321?
3, 227, 920441
What are the prime factors of 684174882?
2, 3, 23, 4957789
What are the prime factors of 745674835?
5, 23, 6484129
What are the prime factors of 688797344?
2, 89, 367, 659
List the prime factors of 63874401.
3, 21291467
What are the prime factors of 186779092?
2, 31, 163, 9241
List the prime factors of 54703587.
3, 18234529
What are the prime factors of 49816372?
2, 12454093
List the prime factors of 3960164757.
3, 827, 997, 1601
List the prime factors of 8681883.
3, 7, 17, 83, 293
List the prime factors of 2901198370.
2, 5, 7, 79, 149, 503
List the prime factors of 27044878.
2, 7, 29, 2297
List the prime factors of 23781634.
2, 2393, 4969
List the prime factors of 2167395089.
929, 2333041
List the prime factors of 282600143.
7, 47, 79, 83, 131
List the prime factors of 1250567938.
2, 6367, 98207
What are the prime factors of 1175603489?
1175603489
List the prime factors of 88645799.
11, 829, 9721
What are the prime factors of 3422375?
5, 11, 19, 131
What are the prime factors of 205117356?
2, 3, 233, 73361
What are the prime factors of 78212401?
78212401
What are the prime factors of 184750123?
211, 875593
List the prime factors of 481692620.
2, 5, 17, 53, 26731
List the prime factors of 93621991.
93621991
What are the prime factors of 198417093?
3, 7, 43, 219731
What are the prime factors of 433769823?
3, 113, 15797
What are the prime factors of 985202639?
67, 167, 191, 461
List the prime factors of 49425329.
49425329
What are the prime factors of 82890721?
82890721
What are the prime factors of 279526969?
29, 31, 310931
List the prime factors of 98269097.
547, 179651
List the prime factors of 1407913277.
67, 21013631
What are the prime factors of 207958074?
2, 3, 3967, 8737
What are the prime factors of 11572530?
2, 3, 5, 109, 3539
List the prime factors of 314517213.
3, 34946357
What are the prime factors of 80030864?
2, 107, 46747
What are the prime factors of 66564084?
2, 3, 5547007
What are the prime factors of 157805331?
3, 52601777
What are the prime factors of 1086378785?
5, 217275757
What are the prime factors of 230450003?
7, 32921429
What are the prime factors of 404657616?
2, 3, 11, 97, 7901
List the prime factors of 42712760.
2, 5, 19, 43, 1307
What are the prime factors of 1033715936?
2, 11, 2936693
What are the prime factors of 113759618?
2, 7, 107, 75941
What are the prime factors of 50275461?
3, 16758487
List the prime factors of 182004860.
2, 5, 107, 85049
What are the prime factors of 1797772?
2, 23, 19541
What are the prime factors of 658803043?
43, 15321001
List the prime factors of 453645766.
2, 7, 2953, 10973
List the prime factors of 364200755.
5, 43, 1693957
List the prime factors of 26821711.
7, 19, 201667
List the prime factors of 17127196.
2, 4281799
What are the prime factors of 3404369923?
61, 1447, 38569
What are the prime factors of 400617994?
2, 7, 1847, 15493
What are the prime factors of 5803180?
2, 5, 179, 1621
What are the prime factors of 56845375?
5, 454763
List the prime factors of 50376098.
2, 313, 80473
List the prime factors of 95947372.
2, 23986843
What are the prime factors of 4289373810?
2, 3, 5, 229, 208121
What are the prime factors of 2835187366?
2, 11, 271, 307, 1549
What are the prime factors of 309310800?
2, 3, 5, 383, 673
List the prime factors of 3343216796.
2, 23, 1459, 24907
List the prime factors of 1941300812.
2, 11, 79, 547, 1021
List the prime factors of 9897570.
2, 3, 5, 17, 6469
List the prime factors of 3879346638.
2, 3, 257, 397, 6337
What are the prime factors of 2492325656?
2, 29, 10742783
List the prime factors of 1350024256.
2, 7, 3013447
What are the prime factors of 667375562?
2, 7, 17, 281, 587
What are the prime factors of 720761521?
137, 5261033
List the prime factors of 1313519550.
2, 3, 5, 7, 1250971
What are the prime factors of 293437609?
113, 2596793
List the prime factors of 6904623.
3, 11, 23, 827
List the prime factors of 100260171.
3, 11, 73, 13873
What are the prime factors of 1042001071?
1042001071
List the prime factors of 1887476068.
2, 17, 53, 523717
List the prime factors of 141221622.
2, 3, 23536937
What are the prime factors of 37414727?
7, 29, 184309
List the prime factors of 4793409.
3, 532601
List the prime factors of 602470694.
2, 7, 23, 81349
List the prime factors of 73202086.
2, 1741, 21023
What are the prime factors of 3846378294?
2, 3, 11, 43, 451771
What are the prime factors of 711115299?
3, 19, 4158569
List the prime factors of 320803905.
3, 5, 47, 127, 3583
List the prime factors of 922112636.
2, 19, 12133061
List the prime factors of 1079908922.
2, 41, 199, 66179
What are the prime factors of 763061946?
2, 3, 97, 1311103
What are the prime factors of 97835333?
97835333
List the prime factors of 349809375.
3, 5, 37313
What are the prime factors of 908831396?
2, 11, 20655259
List the prime factors of 974625861.
3, 11, 17, 101, 103, 167
List the prime factors of 141599622.
2, 3, 113, 457
What are the prime factors of 101692352?
2, 757, 2099
List the prime factors of 26806717.
7, 3829531
What are the prime factors of 55261521?
3, 7, 97463
List the prime factors of 409154980.
2, 5, 13, 17, 92569
List the prime factors of 48730269.
3, 7, 19, 122131
List the prime factors of 113943009.
3, 37981003
List the prime factors of 37141984.
2, 11, 105517
List the prime factors of 648478124.
2, 7, 17, 1362349
List the prime factors of 137006190.
2, 3, 5, 37, 41143
List the prime factors of 4369736036.
2, 9839, 111031
What are the prime factors of 243766143?
3, 19, 691, 2063
List the prime factors of 343189433.
127, 311, 8689
List the prime factors of 1061959519.
17, 23, 43, 83, 761
List the prime factors of 1802744805.
3, 5, 1223, 98269
List the prime factors of 876678507.
3, 97408723
What are the prime factors of 107307641?
7, 1553, 9871
What are the prime factors of 1963285?
5, 41, 61, 157
List the prime factors of 401624815.
5, 1129, 71147
List the prime factors of 213368362.
2, 61, 691, 2531
What are the prime factors of 64655129?
7, 11, 409, 2053
List the prime factors of 98322984.
2, 3, 151733
List the prime factors of 4182512373.
3, 13, 35747969
List the prime factors of 410333552.
2, 37, 109, 6359
List the prime factors of 20786626.
2, 7, 907, 1637
What are the prime factors of 7929284?
2, 11, 180211
List the prime factors of 530658546.
2, 3, 11, 353, 22777
List the prime factors of 913112276.
2, 691, 330359
List the prime factors of 6626162162.
2, 349, 9493069
What are the prime factors of 35402068?
2, 13, 680809
What are the prime factors of 2532774052?
2, 633193513
What are the prime factors of 1262756880?
2, 3, 5, 7, 11, 22777
What are the prime factors of 1631403691?
17, 95964923
List the prime factors of 550551291.
3, 61, 3008477
List the prime factors of 1523349417.
3, 3041, 166979
What are the prime factors of 331648820?
2, 5, 97, 170953
List the prime factors of 309714174.
2, 3, 7, 11, 19, 619
List the prime factors of 1252190634.
2, 3, 4967, 42017
What are the prime factors of 134686192?
2, 89, 94583
What are the prime factors of 1393401047?
1393401047
What are the prime factors of 26305407?
3, 29, 100787
List the prime factors of 6649752217.
6649752217
What are the prime factors of 357651210?
2, 3, 5, 7, 43, 39607
What are the prime factors of 278306782?
2, 13, 467, 22921
List the prime factors of 1412707650.
2, 3, 5, 17, 554003
List the prime factors of 260888992.
2, 7, 13, 89591
List the prime factors of 54652361.
541, 1010